rime factors of 463091.
47, 59, 167
List the prime factors of 511914.
2, 3, 13, 6563
What are the prime factors of 1113307?
13, 85639
List the prime factors of 7310233.
7, 29, 36011
List the prime factors of 8053964.
2, 2013491
What are the prime factors of 180461?
113, 1597
List the prime factors of 40967.
71, 577
What are the prime factors of 727831?
13, 55987
List the prime factors of 4720.
2, 5, 59
What are the prime factors of 4400254?
2, 599, 3673
What are the prime factors of 326210?
2, 5, 32621
List the prime factors of 580849.
19, 1609
What are the prime factors of 425541?
3, 83, 1709
List the prime factors of 1434792.
2, 3, 191, 313
What are the prime factors of 1421947?
37, 38431
List the prime factors of 6387663.
3, 2129221
List the prime factors of 8871193.
53, 167381
What are the prime factors of 20147475?
3, 5, 353, 761
What are the prime factors of 776016?
2, 3, 17, 317
What are the prime factors of 5392294?
2, 67, 40241
What are the prime factors of 951500?
2, 5, 11, 173
List the prime factors of 19607949.
3, 131, 16631
List the prime factors of 35055462.
2, 3, 13, 17, 26437
List the prime factors of 9179344.
2, 211, 2719
What are the prime factors of 2605110?
2, 3, 5, 86837
List the prime factors of 1594823.
53, 30091
List the prime factors of 226923.
3, 75641
List the prime factors of 2062619.
13, 158663
What are the prime factors of 2556767?
173, 14779
List the prime factors of 4458621.
3, 73, 20359
List the prime factors of 1185734.
2, 11, 53897
What are the prime factors of 5539993?
1597, 3469
What are the prime factors of 7324587?
3, 31, 2917
What are the prime factors of 2975518?
2, 7, 13, 16349
What are the prime factors of 35078793?
3, 1993, 5867
What are the prime factors of 21693292?
2, 17, 263, 1213
What are the prime factors of 5837690?
2, 5, 583769
What are the prime factors of 132930?
2, 3, 5, 7, 211
List the prime factors of 2310461.
31, 74531
What are the prime factors of 118327?
11, 31, 347
List the prime factors of 211891.
211891
List the prime factors of 186989.
11, 89, 191
What are the prime factors of 31391?
31391
List the prime factors of 24694335.
3, 5, 182921
List the prime factors of 757308.
2, 3, 223, 283
List the prime factors of 8311211.
23, 361357
What are the prime factors of 1094852?
2, 11, 149, 167
List the prime factors of 498883.
7, 11, 19, 31
List the prime factors of 1429952.
2, 22343
What are the prime factors of 774447?
3, 37, 6977
List the prime factors of 5113560.
2, 3, 5, 43, 991
What are the prime factors of 777525?
3, 5, 7, 1481
List the prime factors of 1172145.
3, 5, 13, 6011
What are the prime factors of 220810?
2, 5, 71, 311
List the prime factors of 354.
2, 3, 59
What are the prime factors of 1543547?
263, 5869
What are the prime factors of 21119026?
2, 1277, 8269
What are the prime factors of 6558840?
2, 3, 5, 6073
List the prime factors of 239563.
41, 5843
What are the prime factors of 186108?
2, 3, 13, 1193
List the prime factors of 1261826.
2, 23, 27431
List the prime factors of 14764891.
17, 421, 2063
What are the prime factors of 3178890?
2, 3, 5, 11, 13, 19
What are the prime factors of 2085751?
101, 107, 193
What are the prime factors of 224099?
31, 7229
What are the prime factors of 585086?
2, 19, 89, 173
What are the prime factors of 959135?
5, 191827
List the prime factors of 8212022.
2, 7, 13, 45121
What are the prime factors of 164101?
7, 17, 197
What are the prime factors of 22923?
3, 283
List the prime factors of 391243.
239, 1637
List the prime factors of 500586.
2, 3, 83431
List the prime factors of 926207.
193, 4799
What are the prime factors of 13136659?
83, 163, 971
List the prime factors of 69699.
3, 7, 3319
What are the prime factors of 7446134?
2, 3723067
List the prime factors of 1360869.
3, 31, 14633
List the prime factors of 17465474.
2, 13, 51673
What are the prime factors of 4936405?
5, 113, 8737
What are the prime factors of 101260?
2, 5, 61, 83
List the prime factors of 2852585.
5, 29, 103, 191
What are the prime factors of 2608027?
79, 33013
List the prime factors of 699552.
2, 3, 7, 347
List the prime factors of 10091.
10091
List the prime factors of 2279283.
3, 223, 3407
List the prime factors of 4925084.
2, 41, 59, 509
What are the prime factors of 218193?
3, 257, 283
What are the prime factors of 294307?
13, 22639
What are the prime factors of 192528?
2, 3, 7, 191
List the prime factors of 13515034.
2, 13, 17, 30577
What are the prime factors of 1337709?
3, 151, 2953
List the prime factors of 1105860.
2, 3, 5, 7, 2633
What are the prime factors of 5459414?
2, 17, 211, 761
List the prime factors of 5527817.
241, 22937
What are the prime factors of 3265993?
3265993
List the prime factors of 15305200.
2, 5, 83, 461
What are the prime factors of 3791050?
2, 5, 75821
What are the prime factors of 52211?
109, 479
What are the prime factors of 1996084?
2, 499021
List the prime factors of 1028184.
2, 3, 42841
List the prime factors of 1218091.
7, 24859
List the prime factors of 14511967.
14511967
What are the prime factors of 30201?
3, 10067
List the prime factors of 25562284.
2, 11, 367, 1583
What are the prime factors of 370954?
2, 185477
What are the prime factors of 399717?
3, 23, 1931
List the prime factors of 21420994.
2, 7, 1530071
List the prime factors of 799431.
3, 266477
What are the prime factors of 7555617?
3, 757, 1109
What are the prime factors of 18437637?
3, 6145879
List the prime factors of 197727.
3, 17, 3877
List the prime factors of 124247.
124247
List the prime factors of 4324337.
4324337
What are the prime factors of 371810?
2, 5, 37181
List the prime factors of 12651320.
2, 5, 11, 28753
List the prime factors of 219955.
5, 43991
What are the prime factors of 4692951?
3, 73, 2381
What are the prime factors of 482569?
482569
List the prime factors of 17355566.
2, 127, 68329
What are the prime factors of 2049182?
2, 1024591
List the prime factors of 575687.
7, 82241
List the prime factors of 1899139.
11, 172649
List the prime factors of 6357322.
2, 29, 109609
What are the prime factors of 659935?
5, 89, 1483
What are the prime factors of 40438?
2, 20219
What are the prime factors of 287205?
3, 5, 41, 467
List the prime factors of 948828.
2, 3, 37, 2137
What are the prime factors of 55456?
2, 1733
What are the prime factors of 112176?
2, 3, 19, 41
What are the prime factors of 198271?
17, 107, 109
List the prime factors of 65922.
2, 3, 10987
What are the prime factors of 8071781?
23, 350947
What are the prime factors of 4974410?
2, 5, 7, 179, 397
What are the prime factors of 369028?
2, 11, 8387
What are the prime factors of 3684801?
3, 17, 72251
What are the prime factors of 4599002?
2, 727, 3163
List the prime factors of 385256.
2, 48157
What are the prime factors of 4313359?
17, 487, 521
What are the prime factors of 27473?
83, 331
What are the prime factors of 15936207?
3, 7, 758867
What are the prime factors of 1441423?
1441423
List the prime factors of 3563750.
2, 5, 2851
What are the prime factors of 7872637?
7872637
List the prime factors of 3735587.
3735587
List the prime factors of 21856948.
2, 151, 36187
List the prime factors of 6478721.
31, 208991
What are the prime factors of 4474802?
2, 2237401
What are the prime factors of 6740549?
37, 182177
List the prime factors of 1438161.
3, 479387
What are the prime factors of 247489?
11, 149, 151
What are the prime factors of 6558325?
5, 19, 13807
List the prime factors of 9121656.
2, 3, 17, 79, 283
What are the prime factors of 1502362?
2, 751181
List the prime factors of 7456315.
5, 47, 31729
List the prime factors of 600728.
2, 61, 1231
List the prime factors of 631133.
631133
List the prime factors of 975292.
2, 23, 10601
List the prime factors of 40270.
2, 5, 4027
List the prime factors of 23255588.
2, 269, 21613
What are the prime factors of 245337?
3, 53, 1543
What are the prime factors of 302615?
5, 29, 2087
What are the prime factors of 8382861?
3, 103, 9043
List the prime factors of 1640127.
3, 546709
What are the prime factors of 5263232?
2, 13, 3163
List the prime factors of 2225242.
2, 19, 31, 1889
List the prime factors of 8577722.
2, 349, 12289
List the prime factors of 552430.
2, 5, 55243
List the prime factors of 7419556.
2, 1854889
List the prime factors